
Calculate the greatest common factor of 1048864 and 65248.
32
What is the highest common factor of 19426125 and 375?
375
Calculate the greatest common divisor of 550 and 21879685.
5
Calculate the highest common divisor of 76916 and 183932.
28
Calculate the highest common divisor of 14 and 3700503338.
14
What is the greatest common factor of 1786960708 and 8788?
8788
What is the highest common divisor of 1244 and 9952311?
311
Calculate the greatest common factor of 238238 and 341198.
286
What is the highest common factor of 1875 and 3215?
5
What is the highest common divisor of 23219 and 43518398?
749
What is the greatest common factor of 81192 and 922029?
51
What is the highest common divisor of 108063 and 17926451?
12007
What is the highest common factor of 4103264 and 324?
4
What is the greatest common factor of 147952 and 241486?
14
What is the greatest common factor of 11208 and 13705983?
1401
Calculate the greatest common divisor of 1542312 and 2883.
93
Calculate the highest common factor of 3488 and 75108848.
1744
Calculate the greatest common divisor of 3272 and 2620574248.
3272
Calculate the greatest common factor of 108 and 427095384.
12
Calculate the highest common divisor of 632188 and 4.
4
What is the highest common factor of 1027 and 165925201?
1027
What is the greatest common divisor of 25935 and 79264770?
3705
What is the highest common factor of 11 and 335953970?
11
Calculate the highest common divisor of 1153432 and 168.
56
Calculate the greatest common factor of 1208892 and 25836.
12
Calculate the greatest common factor of 37751150 and 2750.
50
Calculate the greatest common divisor of 3000574 and 1864.
466
Calculate the greatest common divisor of 349445 and 70735.
235
What is the greatest common factor of 69357793 and 61?
61
What is the greatest common divisor of 1842 and 398070322?
614
What is the greatest common factor of 559450 and 4850?
50
What is the highest common factor of 1720 and 3767144000?
1720
Calculate the greatest common factor of 3525 and 30831624.
141
What is the greatest common factor of 1098 and 1274562?
18
What is the highest common divisor of 6844 and 83936527?
1711
Calculate the greatest common factor of 20651 and 1081877.
107
What is the greatest common factor of 3859031 and 77?
11
What is the highest common divisor of 875262 and 8262?
102
Calculate the highest common factor of 10671850 and 588.
14
What is the highest common divisor of 37056 and 823680?
192
Calculate the highest common divisor of 130047 and 821487.
201
Calculate the greatest common divisor of 5616 and 20797452.
1404
What is the greatest common divisor of 6534 and 63676008?
2178
Calculate the highest common factor of 176 and 45928.
8
Calculate the highest common divisor of 1157650 and 1900.
50
What is the greatest common factor of 14154 and 8022?
42
What is the highest common factor of 845627 and 10819?
349
What is the highest common factor of 737 and 10811812?
11
Calculate the greatest common divisor of 5680540 and 4770.
530
What is the highest common divisor of 6528 and 891616?
544
What is the highest common factor of 14643605 and 2425?
485
Calculate the highest common factor of 1157 and 2095860.
13
What is the greatest common factor of 136137 and 16767?
69
What is the highest common divisor of 43336 and 131368?
8
What is the highest common factor of 18568 and 620136?
88
What is the greatest common divisor of 51317910 and 2709?
63
Calculate the greatest common divisor of 40929 and 3555048.
21
Calculate the highest common factor of 486129 and 3822.
147
What is the greatest common divisor of 1027811960 and 280?
280
Calculate the greatest common factor of 6144 and 3445656.
24
Calculate the highest common factor of 533922 and 6371805.
5037
Calculate the highest common factor of 60902192 and 299.
13
Calculate the highest common divisor of 815 and 727681715.
815
Calculate the highest common divisor of 1755 and 219405.
15
What is the greatest common factor of 443 and 5670606881?
443
What is the greatest common factor of 157368 and 13167246?
474
What is the greatest common factor of 470992 and 4468?
4
Calculate the highest common factor of 260 and 85377695.
65
Calculate the greatest common factor of 377355 and 17865.
15
What is the highest common divisor of 10091200 and 34816?
1088
What is the highest common divisor of 143 and 5485451686?
143
What is the highest common divisor of 1405 and 270665?
5
What is the highest common factor of 2453078 and 14?
2
What is the highest common factor of 4262097 and 17577?
651
What is the highest common factor of 31511808 and 27?
27
Calculate the highest common factor of 38127 and 49225.
179
What is the greatest common divisor of 2040 and 4500920?
680
What is the greatest common divisor of 136191 and 24189?
33
Calculate the greatest common factor of 41934 and 48861786.
1446
What is the highest common factor of 596367 and 21919?
23
Calculate the highest common divisor of 216 and 10065438.
54
Calculate the greatest common divisor of 65430 and 9375.
15
What is the greatest common factor of 11354353 and 226?
113
What is the greatest common divisor of 2608 and 9018953?
163
Calculate the greatest common factor of 80 and 31894880.
80
What is the greatest common factor of 4659774 and 294?
42
Calculate the highest common factor of 7684702 and 103759.
817
What is the greatest common divisor of 995155 and 1610?
35
What is the greatest common factor of 1053673623 and 2781?
2781
Calculate the highest common factor of 52292240 and 1040.
1040
Calculate the greatest common divisor of 833508 and 50843.
13
What is the highest common factor of 79399514 and 9736?
2434
What is the greatest common divisor of 11123727 and 519?
519
Calculate the highest common divisor of 2973181 and 850.
17
Calculate the greatest common factor of 800 and 1384850.
50
What is the greatest common factor of 34898 and 4?
2
Calculate the greatest common divisor of 741 and 12097293.
39
Calculate the greatest common factor of 382866 and 1419.
33
Calculate the highest common divisor of 68 and 682499.
17
What is the greatest common divisor of 1875 and 321375?
375
Calculate the greatest common divisor of 2902827 and 10689.
1527
What is the highest common factor of 10178 and 6781456?
1454
Calculate the highest common divisor of 2662975 and 75.
25
Calculate the greatest common divisor of 5086 and 7558.
2
Calculate the greatest common factor of 8676 and 1254164.
964
Calculate the greatest common divisor of 8506300 and 14725.
475
What is the highest common divisor of 87 and 125262?
3
What is the greatest common factor of 13717523 and 233603?
2957
What is the highest common factor of 12446 and 1633982?
1778
What is the highest common divisor of 32594778 and 18?
18
What is the highest common divisor of 991232 and 314368?
1024
What is the greatest common factor of 476374668 and 32340?
6468
What is the highest common divisor of 108472140 and 12075?
2415
What is the greatest common factor of 425 and 74920?
5
Calculate the greatest common divisor of 1097750 and 34.
2
Calculate the highest common divisor of 2923405 and 3910.
85
What is the highest common divisor of 7567 and 274057?
329
What is the greatest common factor of 783754 and 14471?
29
Calculate the highest common divisor of 240042780 and 20.
20
What is the greatest common divisor of 156280 and 4160?
40
What is the greatest common divisor of 5461 and 41864026?
5461
What is the greatest common factor of 273216834 and 66?
66
What is the highest common factor of 116263 and 27897?
17
Calculate the highest common factor of 6576 and 100056.
24
What is the highest common divisor of 812145120 and 18240?
9120
What is the highest common factor of 27 and 941745?
3
What is the highest common factor of 14981376 and 4800?
192
What is the highest common divisor of 25967547 and 718?
359
What is the greatest common factor of 17 and 11572019?
17
Calculate the greatest common divisor of 12 and 62555316.
12
What is the highest common factor of 4500 and 14432100?
300
What is the greatest common divisor of 28897 and 303028?
781
What is the highest common factor of 67806 and 1350?
18
What is the highest common divisor of 21729077 and 51?
17
What is the highest common factor of 580 and 9514465?
145
What is the highest common factor